uppose k*g = -19 + 57. What is the remainder when g is divided by w?
3
Let n = -4726 + 4903. Calculate the remainder when 887 is divided by n.
2
Suppose 49*j + 23*j + 49*j = 8349. What is the remainder when j is divided by 40?
29
Let i = 6 - -1. Suppose 3*r = 2*n + 2, 3*n - 5*r - 2 = -8. What is the remainder when (-1 + 357)*(i - 54/n) is divided by 23?
20
Let s(q) = -12*q + 15. Suppose r = -2 + 11. What is the remainder when s(-6) is divided by (108/20)/(r/30)?
15
Let r = -23246 + 23414. Calculate the remainder when 375 is divided by r.
39
Let p(m) be the third derivative of m**5/60 - m**4/6 - 5*m**3/3 - 2*m**2. Let j(k) = -816*k + 22908. Calculate the remainder when j(28) is divided by p(8).
16
Suppose -77*v + 9*v = -24140. What is the remainder when v is divided by 82?
27
Let h be 8/5*(-50)/(-20). Suppose -4*b + 59 = -o, 4*b - o - h*o = 71. Suppose 9*l - b*l + 230 = 0. Calculate the remainder when l is divided by 25.
21
Let w = -116871 - -116887. Suppose -2*c + 0*z + 31 = -z, -c + 23 = -3*z. What is the remainder when w is divided by c?
2
Let h(z) = -z**3 - 4*z**2 - 10*z - 14. Let p = -824 - -858. What is the remainder when h(-6) is divided by p?
16
Suppose 3*x - n - 64 = 0, 6*x = 8*x - 3*n - 31. Suppose -x*w = -567 + 222. What is the remainder when 192 is divided by w?
12
Let a(u) = 5*u**2 + 2*u - 7. Let b(p) = 173*p**2 - 60*p + 59. What is the remainder when b(1) is divided by a(3)?
40
Let y be 472/2 + 1 + 5. Suppose 25*j = 36*j - y. What is the remainder when j is divided by 5?
2
Let q be (54 - 1) + -1*4. Suppose 80 = 3*o - q. Let b(i) = i**2 - 2*i + 3. Calculate the remainder when o is divided by b(4).
10
Let q = -58 - -128. Calculate the remainder when q is divided by ((-4572)/635)/(9/(-10)).
6
Let w = 666 + 1283. What is the remainder when w is divided by 2?
1
Let u = -64 - -50. Calculate the remainder when (-6)/u - 12826/(-77) is divided by 13.
11
Let f = -34 - -40. Suppose f*q = -0*q + 24. Suppose -q*g + 222 = -166. Calculate the remainder when g is divided by 10.
7
Let f = -9 - -14. Suppose -4*a - f + 25 = 0, -3*m + 5 = a. Suppose 5*s = -q + 19, -s + 2*s = m. Calculate the remainder when 56 is divided by q.
18
Let d = 90 - -25. Let o = d + -322. Let t = -111 - o. What is the remainder when t is divided by 33?
30
Let g(x) = x**2 + 4*x + 3. Let q = 14 + -12. Suppose 3*p - 4*n = 185, -p + q*n = 4*n - 45. What is the remainder when p is divided by g(-6)?
10
Let f = 11523 + 6924. Calculate the remainder when f is divided by 18.
15
Let r be 1*((-14)/2 - 1). Let l(y) = 3*y**2 + 7358*y - 36827. What is the remainder when 94/r*2*-8 is divided by l(5)?
36
Let b(k) = 12*k**3 - 95*k**2 + 614*k - 5. What is the remainder when b(7) is divided by 13?
10
Let b be (122/(-8))/((-1)/(-12)). Let a = 556 + b. Calculate the remainder when a is divided by 25.
23
Let v = 211 - 209. Suppose -v*b - 5*f = -69, -f - 157 = -5*b + 2*f. Calculate the remainder when 125 is divided by b.
29
Let q = -1971 + 2257. Calculate the remainder when q is divided by 51.
31
Let h(u) be the second derivative of -u**5/10 - 5*u**4/12 + u**3/2 + u**2 + 7*u. Suppose 89 - 1 = -22*p. What is the remainder when h(p) is divided by 8?
6
Suppose 27*u + 483 = 6*u. What is the remainder when (-28 - u)*112/(-10) is divided by 16?
8
Let a be (1 - -3)*20/(-80)*1. What is the remainder when a/4*(-3776)/16 is divided by 32?
27
Suppose 4975*l - 4949*l - 320 = 226. Let p = 342 - 30. Calculate the remainder when p is divided by l.
18
Let d(a) = a**3 - 16*a**2 + a - 9. Let o = -40 - -1. Let v = o + 55. What is the remainder when 7 is divided by d(v)?
0
Suppose -3 + 28 = 5*n, -3*j - 4*n = -1445. Calculate the remainder when j is divided by 141.
52
Suppose 79 = 3*h - 10*b + 6*b, -h + 2*b = -27. Let c = 59 + 16. Let n = c + -28. Calculate the remainder when n is divided by h.
22
Let o(x) = -x**2 - 18*x - 24. Let s = 143 + -114. Suppose -28*h + s*h = 37. Calculate the remainder when h is divided by o(-16).
5
Suppose 2*a + 5*h = a + 77, 0 = h + 5. Suppose -2*u + 0 - a = 0. Let t = u - -62. What is the remainder when 42 is divided by t?
9
Suppose 0 = -5*a - 3*t - 20, 3*t = -6 - 9. What is the remainder when (a + 1 - -4) + -2 + 93 is divided by 35?
25
Suppose -114 = -0*k - k. Let d = 464285 + -464227. Calculate the remainder when k is divided by d.
56
Calculate the remainder when (-2)/((-35)/(-392)*1*3/(-30)) is divided by 77.
70
Let m be 1*0/(-6)*1. Suppose m = -42*f + 32*f + 140. What is the remainder when 23 is divided by f?
9
Suppose -53*k + 47*k + 168 = 0. Suppose -3*y = -7*y + 20. Suppose 3*q + q - 219 = y*f, q = -5*f + 36. What is the remainder when q is divided by k?
23
Suppose -5*y + v = 26, 2*y + 5*v + 50 = -3*y. Let k = y + 30. What is the remainder when 87 is divided by k?
15
Suppose 2*x + 3*i = 1457, 0 = -298*x + 300*x - 4*i - 1436. What is the remainder when x is divided by 66?
64
Suppose -b - 43 + 56 = 0. Calculate the remainder when b is divided by 12/9 - (-345)/45.
4
Let s(u) = -13*u + 3. Let d be ((-2)/4)/(9/(-18)). Suppose -a + 0 = d. What is the remainder when 46 is divided by s(a)?
14
Suppose 113*k - 7765 = 108*k. Calculate the remainder when k is divided by 74.
73
Let y(v) = 15*v + 4. Let a be 0/1 + (-1 - -2). Calculate the remainder when 170 is divided by y(a).
18
Let w(i) = i**3 - 16*i**2 + 69*i + 60. Calculate the remainder when 836 is divided by w(11).
194
Suppose -136 = 3*g + 305. Let v = g - -206. What is the remainder when v is divided by 12?
11
Suppose -6*s = 4*s - 1220. What is the remainder when 618 is divided by s?
8
Suppose -4*h = -5*h + 131. What is the remainder when h is divided by (-14732)/(-435) - 2/(-15)?
29
Let h = -133 - -46. Let o = 114 + h. Suppose -g + o = -3. Calculate the remainder when g is divided by 4.
2
Suppose -3*u = 3*n + 2*n - 188, -4*u - 176 = -4*n. Suppose -3*c = -501 + 153. Calculate the remainder when c is divided by n.
36
Suppose 2*v - 3*v = 5*z - 15, 5*v - 17 = 4*z. Suppose z*c + 282 = 4*c. Calculate the remainder when c is divided by (8/(-40))/((-1)/71) + 6/(-5).
11
Let x be -416 + (-3)/(-6)*24/4. Let u = -294 - x. What is the remainder when 157 is divided by 13/39 + u/3?
37
Let l(d) = -d**3 + 46*d**2 + 58*d + 174. Let s be l(47). Let c = s + -658. What is the remainder when 129 is divided by c?
30
Suppose 158*l = -113*l + 31*l + 2400. What is the remainder when 59 is divided by l?
9
Let f(x) = -7*x**2 + 44*x - 48. Let h(c) = -10*c**2 + 66*c - 72. Let w(a) = 7*f(a) - 5*h(a). What is the remainder when 70 is divided by w(22)?
22
Let k(p) = -p**3 - 8*p**2 + 39*p + 93. What is the remainder when 832 is divided by k(-11)?
22
Let p(c) = c**3 + 4*c**2 - 22*c + 3. Let x be p(-7). Let d(f) = 73*f - 403. What is the remainder when d(x) is divided by 47?
45
Let m(w) = -2*w**3 - 73*w**2 + 34*w - 81. Calculate the remainder when 582 is divided by m(-37).
12
Let f = 154 - 296. Let k = f - -226. Suppose -6*r = -k - 294. What is the remainder when r is divided by 22?
19
Let y(t) = 4*t**2 - 3*t + 3. Suppose 0 = 4*h - 3*z - 12, -3*z - 12 = -4*h - 4*z. What is the remainder when y(h) is divided by 28?
2
Let w be 359 + -10 + 4 + 4. Suppose -27*v = -w - 264. What is the remainder when 205 is divided by v?
21
Let x(t) = -3*t**2 + 36*t - 27. Let y be x(11). Calculate the remainder when -293*(-9)/36 + y/8 is divided by 6.
2
Let c be 55/15 - (-2)/6. Suppose c*z + 2*q - 1 = 7, 4*z - 32 = 4*q. Calculate the remainder when 61 is divided by z.
1
Let k = -297 - -563. Suppose 21*a - k = 322. Calculate the remainder when a is divided by 11.
6
Let u(z) = 10*z**2 - 22*z + 225. Calculate the remainder when u(-13) is divided by 79.
68
Let k(u) = -46*u**2 - 594*u + 60. Let f(d) = 44*d + 2. Let c be f(2). Let i = c - 45. Calculate the remainder when i is divided by k(-13).
5
Let v(q) = 153 - 4 + 34 + 140 + 13*q. What is the remainder when 22 is divided by v(-24)?
0
Let b(c) = 4*c + 21*c - 4*c. Suppose x - 7 = -26*a + 30*a, 8*a + 36 = 4*x. What is the remainder when b(1) is divided by x?
10
Let v = -30254 + 49887. What is the remainder when v is divided by 231?
229
Let a = -4850 + 4940. Calculate the remainder when 178 is divided by a.
88
Let q be (-6 - -1)/((-13)/26). Suppose k - 121 = -q*k. What is the remainder when 85 is divided by k?
8
Let g(c) = 13 - 884*c - c**2 + 867*